34, 8*g = 3*q + 9*g - 229398. Is 1*(-2)/(-8)*q/x prime?
True
Let j(c) = -405*c**3 + c**2 + 1. Suppose -5*x = -13*h + 8*h + 20, -2*h = 4*x - 2. Is j(x) a prime number?
False
Let p be ((-11)/22)/((-4)/48). Suppose 32311 = 3*h + w, -h = -11*w + p*w - 10781. Is h a composite number?
False
Let f(v) = 126874*v + 1103. Is f(5) prime?
False
Let q be 10/(-4)*(-16)/40. Is q/(3/5958) + 1 + 0 prime?
True
Suppose 2*s = 2*u + 345580, -5*s - 2*u + 435284 = -428659. Is s composite?
True
Let o = -341 + 1947. Let g = -875 + o. Is g a prime number?
False
Let m(u) = -8185*u - 1958. Is m(-25) prime?
True
Suppose 2*k + 10878 = 5*k. Let h = -859 + k. Is h a composite number?
False
Suppose -7*q = -4 - 17. Suppose -k = -2*u + 3*u - 2025, -q*u - 6099 = -3*k. Is k a prime number?
True
Suppose 7*v - 4*v = -3*k - 28791, 2*v = 2*k - 19194. Let n = 182 - v. Suppose 4*q + 3*q = n. Is q a composite number?
True
Let t be 36*((-24)/(-18))/2. Suppose 14*k - t*k = -10690. Is k a composite number?
False
Is (-6178341)/(-65) + (-24)/(-15)*3/(-12) composite?
True
Let h(k) be the second derivative of -235*k**3/6 - 48*k**2 - 4*k - 1. Is h(-17) composite?
True
Let h(x) = -2*x**2 + 64*x - 52. Let v be h(31). Is 163/(8/v + 3654/(-4830)) composite?
True
Let h(j) = 13*j**2 + 34*j - 25. Let t(l) = 12*l**2 + 33*l - 25. Let r(f) = -4*h(f) + 5*t(f). Let v be r(22). Let x = v + -1766. Is x a composite number?
False
Let y = -12795 - -55118. Is y prime?
True
Let g be 4/24*33*2. Let f(v) = v**3 - 12*v**2 + 9*v + 22. Let a be f(g). Suppose a = -2*o + 186 + 224. Is o prime?
False
Let d be 18/6*-1*2. Let o be 1*((-4)/6)/(d/(-20637)). Let j = -1340 - o. Is j a composite number?
False
Let o = -1003 + 1661. Suppose 7*v - o = 20923. Is v a prime number?
True
Suppose -3*g - 26 + 35 = 0. Suppose -6*n = -7*n + g. Suppose -q + 2*k + 177 = -2*k, 2*k = n*q - 491. Is q a prime number?
False
Suppose -30588 = 3*p + 3*p. Let x = p - -7751. Is x prime?
False
Suppose 23 = 5*c - 2. Suppose -3*f - c = 1. Is (f/(-4))/(12/4584) a composite number?
False
Let g(a) = -3*a**3 + 38*a**2 - 12*a + 52. Let c(q) = -q**3 + 13*q**2 - 4*q + 17. Let s(r) = 7*c(r) - 2*g(r). Let t be s(15). Let f = 77 - t. Is f composite?
True
Suppose 3*c + n = 2, -5*c + 10 = -0*n + 3*n. Is (-1)/((c/4954)/(1/2)) a prime number?
True
Suppose -7*j = -10*j. Suppose v = j, -2*m + 6*m = 4*v + 49492. Is m prime?
True
Let t = 25556 - 12829. Suppose -6*y - 3373 = -t. Is y a composite number?
False
Let r be (-4 + (-6)/(-2))*-31. Let p = -26 + r. Suppose p*o = 4628 - 283. Is o a prime number?
False
Suppose -51 = 8*p + 61. Is ((-4)/p + 45690/70)*1 a composite number?
False
Let q(f) = -7*f**2 - 9*f - 7. Let j be q(-3). Let a = j - -46. Suppose 0 = -a*c - p + 91, -5*p + 145 = 6*c - c. Is c prime?
True
Let u be (2/(-4))/(6*(-2)/672). Suppose 0 = -2*n - 8, 25*m - u*m - 4*n = -35891. Is m composite?
False
Let q(z) = z**2 - 8*z - 12. Let v be q(10). Suppose v*m = 2*m - 13452. Let u = m + 3935. Is u composite?
False
Suppose -544*j = -528*j - 44381072. Is j a composite number?
False
Suppose 0 = -284*c + 280*c + 556892. Is c a composite number?
True
Let i = 1149282 + -384083. Is i composite?
False
Let v(m) = m**3 + 4*m**2 + 3*m - 2. Let l be v(-2). Suppose -2*j - 2*t + 9060 = l, -4*t - 10180 + 1090 = -2*j. Is j prime?
False
Suppose 5168*o - 5154*o = 837662. Is o prime?
True
Let i(p) be the second derivative of 34*p**3 + 5*p**2/2 + 20*p. Let n(d) = 612*d + 14. Let g(q) = 7*i(q) - 2*n(q). Is g(5) prime?
False
Let a(t) = 6*t**2 - 41*t + 10. Is a(19) composite?
True
Suppose 2*n - 14 = -2*n + 2*b, -4 = n - 3*b. Suppose 4*w = -n*z + 22 + 8, 4*w = z + 18. Is (1698/4)/(z/4) a prime number?
False
Let n(a) be the second derivative of 637*a**3/6 - 168*a**2 - 103*a. Is n(11) prime?
False
Suppose -20*l - 51*l + 35*l + 3231756 = 0. Is l prime?
False
Let d = 23 + -24. Is 4*(d - (-30)/12) a prime number?
False
Suppose -s + 2*s - 22 = -4*n, -5*s + 10 = 0. Suppose -7 = -n*x + 4*x. Suppose -b + 2*u + 1772 = x*u, 2*b + 4*u - 3532 = 0. Is b prime?
False
Is ((-4)/8)/((-59)/6401854) composite?
True
Let u(v) = -12*v - 34. Let t be u(-3). Suppose c - 12 = 4*s, c + s = t*s + 24. Let a = 99 + c. Is a a prime number?
True
Suppose -53*v + 48*v + 75 = 0. Suppose 0 = -v*o - 11*o + 28522. Is o a prime number?
True
Suppose -18*o - 7*o + 150 = 0. Suppose -5*i - 8*r = -o*r - 2063, 4*r = 2*i - 830. Is i prime?
False
Let x(y) = -35*y - 1. Let w be x(-4). Let z be -1 + 287 - (-1 + -7). Let t = z - w. Is t a composite number?
True
Let u(a) = 117*a**2 - 195*a - 2371. Is u(-75) prime?
True
Let b(i) = 2*i**2 + 14*i - 5. Suppose 0*k + 5*k = 45. Suppose -k*h = -h + 120. Is b(h) a prime number?
False
Let t(h) = -12*h**3 - h**2 + 2. Let y(n) = -n**2 + 11*n + 12. Let p be y(11). Suppose -4*u - 8 - p = 0. Is t(u) a prime number?
False
Suppose -183*v - 153 = -186*v. Suppose 0 = -33*m + v*m - 20970. Is m composite?
True
Let q be (-14)/(-2) + (-2 - 0 - -5). Let u be 2848 + 4*-1 + 2. Is 0 - u*(-5)/q a prime number?
True
Let a be 36/(-24) + 3967/2. Suppose -a = -f - 5*w, 2*f = 3*w - 411 + 4336. Is f a composite number?
True
Let z(f) = -f**3 - 18*f**2 + 19*f - 4. Let g be z(-19). Let t be 2*(-1)/2*g. Is ((-917)/t)/(-7)*4 a prime number?
True
Let i(n) = 12*n**2 + 8*n - 8. Let g(c) = 13*c**2 + 7*c - 9. Let p(b) = 3*g(b) - 2*i(b). Is p(18) a prime number?
False
Let n(d) = -161*d**2 - 6*d + 42. Let u be n(5). Let w = 8500 + u. Is w a prime number?
False
Suppose -9*k = 14*k - 1076803 - 1180716. Is k prime?
False
Suppose 5 = -6*y - 19. Is 64218/10 - y/(-5) composite?
False
Let h(x) = 44*x**2 - 5*x - 10. Let m be 4 + 1/3*6. Let p be h(m). Suppose -6*z - 614 + p = 0. Is z a prime number?
False
Suppose 39*i - 1833052 = -13*i. Is i prime?
True
Let c(p) = -564*p + 23. Let k = 52 + -73. Let r(i) = -i**3 - 19*i**2 + 40*i - 47. Let v be r(k). Is c(v) composite?
False
Let z = 7 - 5. Let s(c) = -3*c**3 - 23*c**2 + 13*c + 42. Let v be s(-8). Suppose -8*j + 9*j + 5*g = 1124, -v*g = -z*j + 2236. Is j composite?
True
Suppose 42*q - 915259 - 1208135 = 0. Is q prime?
False
Suppose -81*p + 5527723 = 1071508. Is p a prime number?
False
Let d be (260/39 - 6) + (-45511)/(-3). Is (0/9 - (-2 - d))/1 a composite number?
False
Suppose -13*t - 50324 + 302406 = 23321. Is t composite?
False
Let w be (-2736 - -9) + -12 + -5 + 0. Let u = -45 - w. Is u prime?
True
Is (((-30)/(-20))/(9/48))/2 - -476295 prime?
True
Suppose -56*q = -70*q + 349202. Is q a prime number?
True
Suppose 8*w + 20664 = w. Let g be w/(-10) + (-8)/40. Suppose 0 = 2*f + 4*t - 566, -t - 8 = f - g. Is f a composite number?
True
Let w = 20 - 17. Let s be 826 + 4 - w - 3. Suppose -3*m + c + 15 + 622 = 0, -5*c + s = 4*m. Is m prime?
True
Let i(m) = -m + 30. Let h be i(6). Is -5 + (h/30)/((-2)/(-7265)) a composite number?
True
Let h be ((-45027)/12*-2 - -2)*2. Suppose 4*o + 46876 = 5*d - 28175, 0 = -d - 2*o + h. Is d prime?
False
Suppose -2*j = a - 390299, 4*a = -15*j + 12*j + 1561216. Is a a prime number?
True
Let a(m) = m**3 + 3*m**2 - 26*m + 130673. Is a(0) composite?
True
Let v(n) be the second derivative of 3*n**5 - n**3/6 + n**2/2 - 2*n. Suppose 24 = 6*q + 12. Is v(q) prime?
True
Let w(p) = 892*p**2 - 31*p - 1. Is w(-6) prime?
True
Let g(r) = r**3 + 21*r**2 + 21*r + 22. Let a be g(-20). Let s be a + (-12)/(-8)*-4. Is s/(-1)*321/6 composite?
True
Let x(h) = h**2 - 10*h - 36. Let w be x(13). Let p(k) = -k**3 + 9*k**2 - 9*k + 10. Let a be p(8). Suppose 0 = 3*c - a*f - 284 - 55, 5*f = w*c - 339. Is c prime?
True
Suppose -192*u + 197*u + 20 = 0. Is 23295/36 - u/(-48) prime?
True
Let w(b) = -90*b - 20 + 3 - 18*b. Let s = -999 - -992. Is w(s) composite?
False
Is (-103 - -98)*185694/10*2/(-6) a composite number?
False
Let d(k) = 2*k**2 - 151*k - 1646. Is d(-49) a prime number?
False
Let t(x) be the second derivative of x**3 - 15*x + 0 + 13/4*x**4 + 4*x**2. Is t(-3) composite?
True
Suppose w + 109 = -3*m - 0*w, 4*m = -2*w - 148. Let q = m + 44. Is -1 + ((-36)/q)/(1/(-297)) composite?
False
Let v = 26 - 14. Is (-8)/((-128)/67644) + (-9)/v prime?
False
Suppose -16*t - 20 = -12*t, -4*t - 1794312 = -4*m. Is m a prime number?
False
Let b(g) = 205*g**3 - 28*g**2 - 22*g - 82. Is b(17) composite?
False
Let l = -1130099 - -1751212. Is l a composite number?
False
Suppose 102*w - 10123619 = 998290 + 33563